3*d. Let t = k + -430. Is t a composite number?
True
Let i(x) = -705*x - 56. Is i(-17) prime?
False
Let o(g) = -130*g + 2. Let k be o(-3). Let a = -44 + 50. Is (k/12)/(4/a) prime?
False
Let v(i) = 14*i**3 - i**2 + 10*i - 7. Is v(4) a prime number?
False
Let y(l) = -81*l - 1. Is y(-8) a prime number?
True
Let m = 31574 + -16351. Is m prime?
False
Suppose 50696 = 4*b - 3*r, -3*b + r - 2*r = -38035. Is b prime?
False
Suppose -3*r = g - 4, g - 4 = r + 4*r. Suppose -3*n - k + 69 = -61, 0 = 2*n + k - 88. Suppose 3*v - 3*i - n = r, -5*v + 0*i = 3*i - 30. Is v a composite number?
True
Let p(f) = -11727*f + 174. Is p(-1) a composite number?
True
Is 26379/4 + (30/24)/5 a prime number?
False
Suppose -4*f = 3*g - 1029, 3*f + 6 = f. Is g a prime number?
True
Let s(z) = -2*z**3 - 37*z**2 + 116*z - 123. Is s(-38) composite?
True
Suppose -5*i = -3*x - 24, -21 = -5*i + 4*x - 2*x. Suppose 4*f - 2616 = 2*w, 3*w = -0*f + i*f - 1965. Is f prime?
True
Is (-37811)/(-9) + ((-528)/(-108))/(-22) a composite number?
False
Let h(b) = -9*b**2 + 5 + 0 - 15*b - 18 - b**3. Let d = 835 + -845. Is h(d) composite?
True
Suppose 9*x - 2289294 = -9*x. Is x composite?
True
Let h = 23277 + -41734. Let p = -12656 - h. Is p a composite number?
False
Let s be (1*-13 + (-12)/(-12))*1. Let x = 43 - s. Is x prime?
False
Suppose -j = -4*b + j - 16690, -3*b - 12550 = 5*j. Let l = -2018 - b. Is l composite?
True
Let v(s) = 654*s**2 - 2*s + 2. Let q be v(1). Suppose -19*l - q = -21*l. Is l prime?
False
Let q(u) = 2*u**3 - 18*u**2 - 4*u + 27. Is q(14) composite?
False
Suppose 8*f - 5 = 11. Suppose 0 = f*r - r - 319. Is r a composite number?
True
Suppose 330 = 3*k + 3*c - 399, -219 = -k + 5*c. Let a = k - -302. Is a a prime number?
True
Let f(p) be the second derivative of 7*p**4/12 + p**3/2 - 13*p**2/2 - 3*p. Let v be f(-6). Suppose 93 + v = 2*g. Is g a composite number?
False
Let v be (-1 - 1) + 3 + 0. Is ((-491)/(-2))/(v + 1/(-2)) composite?
False
Suppose 5*i - 19 - 3 = v, -5*v = -3*i. Suppose t - 444 = -j, -5*j + j + v*t + 1811 = 0. Suppose -320 = -4*p - 3*y, 4*p - j + 113 = y. Is p a composite number?
False
Let t be -8 + 8 - 9 - 1*2. Let c = t + 150. Is c prime?
True
Suppose -4*w = -u + 13443, -3*u = 2*w - 57620 + 17291. Is u a prime number?
False
Suppose 0 = 2*f + 41 - 47. Suppose -i = -f*i + 238. Is i prime?
False
Let x be (-4)/(-2)*3/2. Is (-3 - -18)*167/x a prime number?
False
Let z be (-2)/(-8) - (-6)/(-24). Suppose z*v + 2*v = 0. Suppose 4*m - 572 = -0*j + 2*j, -m - j + 143 = v. Is m a composite number?
True
Suppose 53*q - 571655 = 18*q. Is q prime?
True
Let i(r) = -2. Let f(q) = 561*q - 15. Let a(k) = -f(k) - 2*i(k). Is a(-4) composite?
True
Let g(q) be the third derivative of 0 + 0*q - 1/60*q**5 + 5/2*q**3 + 1/12*q**4 - 11*q**2. Is g(0) composite?
True
Suppose -15*f = -9*f - 1578. Let k = -184 + f. Is k composite?
False
Let d be (44/55)/((-4)/(-10)). Suppose d*n = -n + 483. Is n a composite number?
True
Let a(f) be the second derivative of -3*f + 0 + 1/2*f**2 + 1/6*f**3 + 3/4*f**4. Is a(4) prime?
True
Let i be (-4)/(-14) - (-16154)/7. Suppose 2*j + 2*j = 20. Suppose -4*c + 4*u + i = -60, u = -j*c + 2930. Is c composite?
False
Let o(u) = u**2 - 14*u - 14. Let r be o(17). Suppose 8 + r = -3*b. Is 382/5 - 9/b composite?
True
Let c(a) = -3*a - 1. Let f be c(-2). Let u(k) = k**2 - 5*k + 3. Let n be u(f). Is 83/(3 - (5 - n)) a composite number?
False
Suppose -8 + 4 = x. Let y = 3 - x. Is 0 + 537/(y + -4) a composite number?
False
Suppose 0 = -4*g + g - 4*v + 836, 2*g - 5*v - 565 = 0. Let a = g + -153. Is a composite?
False
Suppose -17*h + 22*h = 1315. Is h composite?
False
Suppose 5*m + f + 410 = 0, 8*f - 4*f = 20. Let n = m + 414. Is n prime?
True
Suppose 0 = 3*d + h - 15, 5*d + 22 = -5*h + 57. Suppose 2*y = 5*r - 627, -d*r + 2*y + 209 + 291 = 0. Is r a prime number?
True
Suppose -16 = -4*a + 4*j, 4 = 3*a - 8*a - 3*j. Let m = a - -3. Suppose 0 = 2*z + m, 0 = -5*v + z + 1027. Is v a composite number?
True
Suppose 0 = -41*z - 3562368 + 11451055. Is z composite?
False
Let q(v) = v - 1. Let h be q(-1). Let j = 3 + h. Is 19/j + 2 + -2 prime?
True
Let d = -1554 + 4163. Is d prime?
True
Suppose 0 = 21*p - 6*p - 30. Let n(b) = b**3 + 3*b**2 + 2*b + 1. Let f be n(-3). Is (p/4)/(f/(-890)) composite?
False
Let b = 270 + 1067. Suppose -3*w - c + 0*c = -b, -4*w - 3*c + 1776 = 0. Is w prime?
False
Let b = 12189 - -1990. Is b a prime number?
False
Is 123*((-120)/(-18) + 3) prime?
False
Let p = 20 - 9. Suppose -15*y = -p*y - 596. Is y a composite number?
False
Suppose 2*n = -p + n + 2, n + 12 = p. Suppose 0 = p*l - 12*l. Let w(r) = r**3 + r**2 - r + 46. Is w(l) prime?
False
Is (78024/(-16))/(-1 - 2/4) prime?
True
Let j be -62 - 3/3*2. Let a = 121 - 8. Let q = a + j. Is q a prime number?
False
Is (249223/(-38))/(1/(-2)) a prime number?
False
Let h(c) = -9*c - 1. Let u be h(-2). Suppose -1 - u = g + 4*v, 3*g - 1 = -v. Let t(i) = 9*i**3 - 3*i + 1. Is t(g) a composite number?
False
Let q(h) = 12*h**2 + 7*h - 27. Let y = 86 - 78. Is q(y) composite?
False
Let h(x) = x + 4. Let f be h(-5). Let z be (-3 + f)/4 - -5. Suppose s - z = 33. Is s composite?
False
Let s be (-13)/(-6)*3*6. Let r = s - -620. Is r a prime number?
True
Suppose 2*k - 2734 = -0*k. Suppose w + 287 = k. Suppose 5*x - 40 - w = -5*h, 3*h = -x + 676. Is h composite?
True
Let c(f) = f**2 - 3*f + 2. Let h be c(2). Suppose 2*x + 1 + 7 = h. Is 1528/(-6)*6/x prime?
False
Let o(q) = -788*q**3 - 5*q**2 - 11*q + 5. Is o(-2) composite?
False
Suppose 0*o + 5*o - 20 = 0. Suppose -5*p - 16 = o. Is 3/p*(-144 - 4) a prime number?
False
Suppose -2*m + m + a = -6, -5*m + 2*a = -18. Suppose -m*k = 3*d - 4*d - 681, -k + 338 = -3*d. Is k a composite number?
True
Let h be ((-8)/(-6))/((4/(-14877))/(-4)). Suppose -9*f = -10449 - h. Is f prime?
False
Let z(p) = 2222*p**3 + 2*p**2 + 3*p - 5. Is z(2) a composite number?
True
Suppose -2*t - 2*a - 3724 = -5*t, -4*t - 2*a = -4970. Let o = t - 379. Is o prime?
True
Let s(r) = -7*r**2 - 57. Let y(z) = -15*z**2 - 115. Let f(j) = -13*s(j) + 6*y(j). Is f(0) a composite number?
True
Suppose 5*f - 12 = f. Suppose -f*n + 0*n + 3*i = 6, 20 = 5*i. Suppose 50 = 3*k + n*k. Is k a composite number?
True
Let n be (2/(-3))/((-12)/(-648)). Is ((-64)/n)/(-8) + 14613/27 a prime number?
True
Suppose 3*r + 100 = 85, 930 = 5*l + r. Is l composite?
True
Let k = 3168 + 16493. Is k a composite number?
False
Let i(f) = -f**3 - 7*f**2 - 6*f + 3. Let x be i(-6). Suppose 5*u - 5*n = -0*u + 210, -x*n + 42 = u. Suppose -3*p + 720 = -u. Is p a composite number?
True
Suppose 16*j + 5 = 17*j. Suppose 0 = 9*z - j*z + 24. Is z/9 + 1724/12 composite?
True
Let j(i) = 26*i**2 + 56*i - 73. Is j(32) composite?
True
Let b(g) = g**3 - 8*g - 3. Suppose 5*q + 2*k - 4*k = 25, -4*k + 15 = 3*q. Is b(q) a prime number?
False
Suppose 685*j = 677*j + 138328. Is j a composite number?
False
Let v(j) = -2*j + 0 + 9*j**2 + 0*j - 4*j + 2. Let l be v(6). Suppose l = -2*i + 4*i. Is i a composite number?
True
Suppose -25*p = -21*p + 1024. Is p/(-12) + 6/9 prime?
False
Let v(o) = -2*o - 1. Suppose -4*m + 24 = -t, -4*m + 2*t + 0*t = -28. Suppose 4*b + m = -19. Is v(b) a composite number?
False
Let w(l) = 6*l**2 + 28*l - 51. Is w(28) a composite number?
False
Is (-36)/(-9) + (-1 - -32984) a composite number?
False
Let j be (-3)/2 + 0 + (-21)/(-6). Suppose p = -j*p + 222. Is p a composite number?
True
Is (328/(-10))/(60/(-150)) a prime number?
False
Suppose -5*w - f = 3*f - 9, 2 = -2*w + 4*f. Is -1 + 330 + 5 + (w - 0) prime?
False
Suppose -23*u + 18*u + 170 = 0. Suppose -2*f - 3*o = -u, -5*f + 2*o = -3*o - 135. Is f prime?
True
Let t(x) = -693*x - 142. Is t(-5) a composite number?
False
Let p(k) = k**2 + 4*k + 8. Let u be p(-5). Suppose u*x - 14*x + 3203 = 0. Is x prime?
True
Let n = -51 + 54. Suppose -3419 = -2*f - i, -5*f - 4*i = -n*f - 3422. Is f prime?
True
Suppose 2*g = 3*b - 20089 - 5008, -b + 8363 = -2*g. Is b a composite number?
True
Let f(t) = 69*t + 7. Let z be f(-11). Let l = z + 1083. Is l composite?
False
Suppose 0 = 3*x - x - 8. Suppose r + 17 = -x*b, -5*r + b = 2*b - 10. Suppose 0 = 4*t + o - 1493, -r*t + 2*o = -225 - 892. Is t composite?
False
Suppose 49*j = 31*j + 133794. Is j prime?
True
Suppose -12 = -0*v - 4*v, 2*z + v = 32549. Is z a prime number?
True
Let